e the remainder when 636964 is divided by 48996.
16
Calculate the remainder when 3595 is divided by 113.
92
What is the remainder when 255179 is divided by 4?
3
Calculate the remainder when 6596 is divided by 2182.
50
What is the remainder when 2593 is divided by 921?
751
What is the remainder when 48634 is divided by 316?
286
Calculate the remainder when 95470 is divided by 47731.
8
What is the remainder when 13198 is divided by 440?
438
What is the remainder when 657 is divided by 585?
72
What is the remainder when 920929 is divided by 129?
127
Calculate the remainder when 380230 is divided by 24.
22
What is the remainder when 1467 is divided by 122?
3
Calculate the remainder when 4535 is divided by 267.
263
Calculate the remainder when 290295 is divided by 35.
5
What is the remainder when 8743050 is divided by 921?
918
What is the remainder when 50609 is divided by 147?
41
What is the remainder when 267841 is divided by 52?
41
Calculate the remainder when 54590 is divided by 18186.
32
Calculate the remainder when 54632 is divided by 188.
112
What is the remainder when 51145 is divided by 25568?
9
Calculate the remainder when 2322 is divided by 194.
188
What is the remainder when 3027232 is divided by 1679?
1674
Calculate the remainder when 19181 is divided by 138.
137
Calculate the remainder when 1406414 is divided by 17.
4
Calculate the remainder when 13783 is divided by 122.
119
What is the remainder when 13625 is divided by 4376?
497
What is the remainder when 1911 is divided by 114?
87
Calculate the remainder when 14814 is divided by 99.
63
What is the remainder when 67374 is divided by 37?
34
Calculate the remainder when 731752 is divided by 3.
1
What is the remainder when 22341 is divided by 133?
130
What is the remainder when 3095 is divided by 146?
29
What is the remainder when 430 is divided by 187?
56
What is the remainder when 108209 is divided by 13?
10
Calculate the remainder when 18478 is divided by 9233.
12
Calculate the remainder when 14671 is divided by 25.
21
What is the remainder when 613561 is divided by 119?
116
What is the remainder when 6401 is divided by 304?
17
Calculate the remainder when 75452 is divided by 803.
773
What is the remainder when 10107 is divided by 266?
265
What is the remainder when 3045 is divided by 2897?
148
Calculate the remainder when 7482 is divided by 2470.
72
What is the remainder when 900 is divided by 236?
192
What is the remainder when 66079 is divided by 382?
375
Calculate the remainder when 4269 is divided by 2856.
1413
Calculate the remainder when 1472622 is divided by 2611.
18
What is the remainder when 81087 is divided by 124?
115
Calculate the remainder when 2109 is divided by 169.
81
What is the remainder when 2808027 is divided by 936006?
9
Calculate the remainder when 6336 is divided by 25.
11
What is the remainder when 283 is divided by 83?
34
What is the remainder when 11905 is divided by 177?
46
What is the remainder when 101418 is divided by 20?
18
Calculate the remainder when 332629 is divided by 131.
20
What is the remainder when 210162 is divided by 210146?
16
What is the remainder when 65087 is divided by 32532?
23
Calculate the remainder when 1395370 is divided by 22.
20
What is the remainder when 4812 is divided by 16?
12
Calculate the remainder when 73871 is divided by 100.
71
What is the remainder when 12584 is divided by 656?
120
What is the remainder when 876 is divided by 403?
70
What is the remainder when 36901 is divided by 305?
301
What is the remainder when 1170 is divided by 120?
90
Calculate the remainder when 3057 is divided by 161.
159
Calculate the remainder when 10391 is divided by 3.
2
What is the remainder when 7277 is divided by 3603?
71
What is the remainder when 1349 is divided by 72?
53
Calculate the remainder when 1743 is divided by 868.
7
Calculate the remainder when 106900 is divided by 6680.
20
What is the remainder when 353 is divided by 12?
5
Calculate the remainder when 159 is divided by 120.
39
What is the remainder when 9346 is divided by 69?
31
What is the remainder when 337 is divided by 59?
42
Calculate the remainder when 108448 is divided by 269.
41
Calculate the remainder when 222743 is divided by 21.
17
What is the remainder when 139735 is divided by 822?
817
What is the remainder when 21529 is divided by 1350?
1279
Calculate the remainder when 47975 is divided by 23767.
441
What is the remainder when 4425 is divided by 4272?
153
What is the remainder when 71824 is divided by 35909?
6
Calculate the remainder when 81700 is divided by 44.
36
Calculate the remainder when 716 is divided by 707.
9
Calculate the remainder when 26019 is divided by 56.
35
What is the remainder when 4999 is divided by 499?
9
Calculate the remainder when 608556 is divided by 80.
76
Calculate the remainder when 49489 is divided by 150.
139
What is the remainder when 87125 is divided by 26?
25
Calculate the remainder when 25050 is divided by 545.
525
What is the remainder when 1003 is divided by 60?
43
What is the remainder when 3890 is divided by 3672?
218
Calculate the remainder when 1087 is divided by 21.
16
Calculate the remainder when 60600 is divided by 38.
28
What is the remainder when 25719 is divided by 5?
4
Calculate the remainder when 55566 is divided by 23.
21
What is the remainder when 22518 is divided by 250?
18
What is the remainder when 32386 is divided by 2168?
2034
What is the remainder when 38282 is divided by 38279?
3
Calculate the remainder when 1524582 is divided by 71.
70
Calculate the remainder when 6975 is divided by 800.
575
Calculate the remainder when 1911392 is divided by 1347.
1346
What is the remainder when 284 is divided by 14?
4
What is the remainder when 13844 is divided by 1255?
39
Calculate the remainder when 66777 is divided by 33373.
31
Calculate the remainder when 7207 is divided by 665.
557
What is the remainder when 694 is divided by 24?
22
What is the remainder when 42423 is divided by 1328?
1255
Calculate the remainder when 61120 is divided by 20346.
82
Calculate the remainder when 2052 is divided by 519.
495
Calculate the remainder when 28302 is divided by 71.
44
What is the remainder when 422637 is divided by 20?
17
Calculate the remainder when 16002 is divided by 2253.
231
What is the remainder when 29614 is divided by 33?
13
Calculate the remainder when 119505 is divided by 23898.
15
What is the remainder when 5102 is divided by 28?
6
What is the remainder when 3256 is divided by 1028?
172
What is the remainder when 11173 is divided by 1633?
1375
Calculate the remainder when 10978 is divided by 169.
162
What is the remainder when 3438 is divided by 595?
463
What is the remainder when 12967 is divided by 4304?
55
Calculate the remainder when 3006 is divided by 117.
81
What is the remainder when 17913 is divided by 156?
129
What is the remainder when 17127 is divided by 31?
15
Calculate the remainder when 4227 is divided by 355.
322
What is the remainder when 38891 is divided by 28?
27
What is the remainder when 24111 is divided by 1267?
38
Calculate the remainder when 4754 is divided by 159.
143
Calculate the remainder when 373138 is divided by 74622.
28
What is the remainder when 24680 is divided by 8221?
17
Calculate the remainder when 225766 is divided by 645.
16
Calculate the remainder when 3207 is divided by 212.
27
Calculate the remainder when 4940 is divided by 1625.
65
What is the remainder when 6355 is divided by 61?
11
What is the remainder when 8437 is divided by 8314?
123
Calculate the remainder when 112327 is divided by 16044.
19
What is the remainder when 2792 is divided by 229?
44
What is the remainder when 179855 is divided by 36?
35
What is the remainder when 6959 is divided by 139?
9
Calculate the remainder when 117624 is divided by 206.
204
What is the remainder when 12318 is divided by 186?
42
Calculate the remainder when 397937 is divided by 18.
11
Calculate the remainder when 254 is divided by 142.
112
Calculate the remainder when 49795 is divided by 353.
22
Calculate the remainder when 6278 is divided by 3109.
60
Calculate the remainder when 75639 is divided by 4446.
57
What is the remainder when 17625 is divided by 5875?
0
Calculate the remainder when 12546 is divided by 1392.
18
What is t